e 11?
1627
What is 401040 (base 5) in base 11?
9556
Convert -30032 (base 4) to base 9.
-1058
Convert -111202 (base 3) to base 9.
-452
Convert -4140 (base 7) to base 10.
-1449
Convert -10101202 (base 3) to base 2.
-100110101101
What is 1198 (base 16) in base 9?
6154
What is -1154 (base 10) in base 13?
-6aa
Convert -517 (base 15) to base 11.
-953
What is 111232 (base 4) in base 16?
56e
Convert -5d4 (base 14) to base 3.
-1121012
Convert -4242 (base 9) to base 7.
-12041
12003 (base 4) to base 12
283
-4005 (base 13) to base 11
-6674
-43a (base 13) to base 16
-2d5
-5090 (base 11) to base 10
-6754
What is -506 (base 14) in base 15?
-45b
-67670 (base 8) to base 11
-1a540
Convert -101100111 (base 2) to base 12.
-25b
58644 (base 10) to base 12
29b30
Convert -23a8 (base 13) to base 2.
-1001110101111
-1b0b (base 16) to base 14
-2747
Convert -213 (base 9) to base 4.
-2232
Convert -27b9 (base 15) to base 13.
-3b3a
What is -34 (base 11) in base 15?
-27
What is -210100 (base 3) in base 8?
-1100
Convert -565 (base 10) to base 6.
-2341
72 (base 15) to base 7
212
Convert -167 (base 14) to base 7.
-560
What is 11011101100 (base 2) in base 11?
1371
-20b (base 14) to base 16
-193
-3101321 (base 4) to base 16
-3479
-a96 (base 15) to base 8
-4527
Convert 504 (base 6) to base 3.
20211
487 (base 16) to base 11
964
-721 (base 13) to base 6
-5334
Convert -1100441 (base 5) to base 7.
-106006
Convert -3333 (base 14) to base 16.
-22a1
What is 10001110111 (base 2) in base 10?
1143
What is 1010011110000 (base 2) in base 14?
1d4c
What is 3cc (base 15) in base 2?
1101100011
16f (base 16) to base 13
223
What is 1d93 (base 15) in base 4?
1210212
Convert -440 (base 6) to base 7.
-330
What is -62150 (base 7) in base 11?
-10447
Convert 10200110 (base 3) to base 5.
41220
2903 (base 10) to base 12
181b
Convert -1030321 (base 4) to base 11.
-3774
Convert -1301014 (base 5) to base 4.
-12020232
Convert 266d (base 16) to base 13.
4629
-10231312 (base 4) to base 3
-222111111
Convert 1224202 (base 5) to base 15.
7037
23535 (base 6) to base 2
110101110011
Convert 10000 (base 4) to base 13.
169
Convert 33280 (base 9) to base 7.
121305
130102 (base 4) to base 9
2431
What is -101220 (base 3) in base 8?
-446
Convert -201120 (base 3) to base 12.
-380
Convert -2102111 (base 3) to base 13.
-a60
Convert -1537 (base 8) to base 15.
-3c8
-22450 (base 8) to base 15
-2c42
What is 7864 (base 9) in base 3?
21222011
Convert 238 (base 16) to base 8.
1070
What is 944 (base 12) in base 3?
1211221
1110110001000 (base 2) to base 10
7560
What is -3408 (base 9) in base 4?
-213113
What is -111222020 (base 3) in base 7?
-41460
93b (base 13) to base 11
11a9
Convert -23c (base 15) to base 13.
-300
What is 41243 (base 6) in base 7?
22014
-1001100 (base 2) to base 14
-56
Convert 12002 (base 4) to base 15.
1ab
-507 (base 16) to base 14
-67d
-287e (base 16) to base 11
-7874
2655 (base 11) to base 8
6570
Convert 22544 (base 7) to base 5.
141030
What is 429a (base 13) in base 5?
244003
Convert -30 (base 12) to base 4.
-210
What is -10002201 (base 4) in base 16?
-40a1
Convert -1112 (base 7) to base 8.
-621
Convert 5b6 (base 14) to base 9.
1506
What is -1011212 (base 3) in base 10?
-860
-1466 (base 7) to base 3
-210202
Convert 4355 (base 12) to base 11.
5626
Convert 212322 (base 4) to base 2.
100110111010
What is 203 (base 11) in base 15?
115
-24234 (base 8) to base 6
-120044
102100 (base 3) to base 5
2211
-102320002 (base 4) to base 12
-388aa
-1722 (base 9) to base 5
-20231
Convert 71 (base 10) to base 13.
56
Convert 100010 (base 2) to base 10.
34
-59b (base 13) to base 3
-1100001
Convert -120103 (base 6) to base 8.
-24247
-2211 (base 5) to base 16
-132
What is -20725 (base 8) in base 9?
-12783
Convert 1f3 (base 16) to base 2.
111110011
414115 (base 6) to base 5
2031221
Convert -86578 (base 9) to base 14.
-16c78
Convert 1000100010000101 (base 2) to base 8.
104205
Convert -131014 (base 6) to base 5.
-340030
-10110010111010 (base 2) to base 5
-331300
Convert 43313 (base 5) to base 9.
4046
1081 (base 12) to base 5
24300
What is -2233 (base 4) in base 3?
-20111
What is -14b2 (base 15) in base 9?
-6075
Convert -1b73a (base 12) to base 5.
-2301143
Convert 3ae (base 15) to base 9.
1132
-69 (base 10) to base 2
-1000101
What is 31ba (base 12) in base 6?
41154
What is 2b1 (base 13) in base 14?
266
-177 (base 16) to base 2
-101110111
What is 106754 (base 9) in base 8?
175047
Convert 120120010 (base 3) to base 15.
3563
Convert 23063 (base 7) to base 10.
5876
What is 27553 (base 8) in base 12?
7037
13100113 (base 4) to base 7
152434
Convert -14d8 (base 15) to base 6.
-32422
2715 (base 8) to base 5
21420
Convert 11101011 (base 2) to base 15.
10a
2220 (base 6) to base 9
633
80 (base 11) to base 9
107
-100111000000 (base 2) to base 11
-196a
What is -101011001110000 (base 2) in base 5?
-1202003
What is -862 (base 9) in base 15?
-31e
What is 1040 (base 5) in base 14?
a5
Convert -210112 (base 4) to base 9.
-3164
Convert 1422 (base 5) to base 9.
283
1001000101101 (base 2) to base 7
16365
9b07 (base 15) to base 11
22760
Convert 1111100101 (base 2) to base 11.
827
3343 (base 6) to base 9
1060
Convert 15c8 (base 14) to base 7.
14241
-24423 (base 6) to base 16
-e1f
Convert 5443 (base 7) to base 11.
1506
Convert 10424 (base 5) to base 15.
344
-2123112 (base 4) to base 14
-38a2
Convert 3001 (base 12) to base 7.
21055
What is 10 (base 2) in base 11?
2
2202311 (base 4) to base 5
313141
Convert 1b74b (base 12) to base 5.
2301221
Convert -40333 (base 5) to base 10.
-2593
Convert 5ed (base 16) to base 13.
8c9
What is 472 (base 12) in base 4?
22112
-63476 (base 8) to base 5
-1321210
What is -1ba (base 16) in base 4?
-12322
13a (base 16) to base 15
15e
What is -111110011110111 (base 2) in base 7?
-162161
-1ca4 (base 13) to base 9
-5873
Convert -2316 (base 9) to base 2.
-11010110100
Convert 25120 (base 6) to base 9.
5083
Convert 302 (base 6) to base 9.
132
What is 156503 (base 7) in base 11?
2141a
What is -365 (base 9) in base 6?
-1222
22051 (base 10) to base 12
10917
What is 2313 (base 5) in base 15?
173
-1c04 (base 14) to base 11
-3917
Convert 22938 (base 11) to base 6.
413042
-1000001001111 (base 2) to base 12
-24bb
Convert -391 (base 11) to base 15.
-20d
2054 (base 8) to base 3
1110120
Convert -152 (base 6) to base 11.
-62
What is 9a (base 13) in base 10?
127
Convert 1011110 (base 3) to base 5.
11344
What is -323154 (base 6) in base 7?
-140443
Convert 224311 (base 5) to base 16.
1f91
What is 1112210 (base 3) in base 9?
1483
-43604 (base 7) to base 10
-10931
Convert -1495 (base 10) to base 14.
-78b
-b6ce (base 16) to base 4
-23123032
What is -799 (base 13) in base 16?
-51d
-691 (base 10) to base 11
-579
Convert 811 (base 15) to base 2.
11100011000
Convert -a54 (base 16) to base 8.
-5124
Convert -2314112 (base 5) to base 2.
-1010001100110110
-10001111 (base 2) to base 6
-355
Convert -3155b (base 12) to base 6.
-1215355
What is a0c (base 15) in base 4?
203112
2e1c (base 15) to base 13
4698
Convert -143735 (base 8) to base 6.
-1032513
Convert 443322 (base 5) to base 13.
7065
What is -2424 (base 10) in base 12?
-14a0
Convert 452144 (base 6) to base 13.
14443
What is 15a9 (base 12) in base 7?
10341
Convert -537 (base 9) to base 5.
-3224
What is -813b (base 13) in base 14?
-66b1
-304 (base 10) to base 14
-17a
What is -1001101001111 (base 2) in base 12?
-2a3b
What is -11111000100 (base 2) in base 15?
-8c8
2153 (base 6) to base 7
1314
43c5 (base 14) to base 5
333422
What is 8003 (base 16) in base 12?
16b6b
Convert 3223 (base 8) to base 14.
883
Convert -1668 (base 14) to base 6.
-30324
Convert -2323341 (base 5) to base 2.
-1010010101101010
-a3 (base 14) to base 15
-98
What is -33311 (base 6) in base 4?
-1020223
What is -c09 (base 15) in base 2?
-101010010101
442 (base 5) to base 7
233
29cb (base 15) to base 4
2030012
-3644 (base 15) to base 8
-26423
Convert -12100010 (base 4) to base 6.
-314312
-62c (base 13) to base 7
-3032
Convert 381 (base 10) to base 11.
317
What is -1210 (base 4) in base 6?
-244
212 (base 3) to base 4
113
-60 (base 13) to base 11
-71
Convert 51602 (base 8) to base 2.
101001110000010
Convert -12030 (base 4) to base 3.
-112200
2204 (base 5) to base 8
460
Convert -4023 (base 5) to base 3.
-201000
Convert -2010 (base 7) to base 10.
-693
What